{"id":1079,"date":"2022-01-22T20:13:27","date_gmt":"2022-01-22T19:13:27","guid":{"rendered":"http:\/\/www.mouhet.fr\/?page_id=1079"},"modified":"2022-11-22T14:03:57","modified_gmt":"2022-11-22T13:03:57","slug":"les-infrastructures-de-loisir","status":"publish","type":"page","link":"https:\/\/mouhet.fr\/?page_id=1079","title":{"rendered":"Les infrastructures de loisir"},"content":{"rendered":"\n<p>L&rsquo;aire de jeux s\u00e9curis\u00e9e des enfants, le terrain de p\u00e9tanque, aire de picnic<\/p>\n\n\n\n<figure class=\"wp-block-gallery has-nested-images columns-default is-cropped wp-block-gallery-1 is-layout-flex wp-block-gallery-is-layout-flex\">\n<figure class=\"wp-block-image size-large\"><img loading=\"lazy\" decoding=\"async\" width=\"1024\" height=\"576\" data-id=\"1080\" src=\"https:\/\/mouhet.fr\/wp-content\/uploads\/2022\/01\/Air-de-jeux-1-1024x576.jpg\" alt=\"\" class=\"wp-image-1080\" srcset=\"https:\/\/mouhet.fr\/wp-content\/uploads\/2022\/01\/Air-de-jeux-1-1024x576.jpg 1024w, https:\/\/mouhet.fr\/wp-content\/uploads\/2022\/01\/Air-de-jeux-1-300x169.jpg 300w, https:\/\/mouhet.fr\/wp-content\/uploads\/2022\/01\/Air-de-jeux-1-768x432.jpg 768w, https:\/\/mouhet.fr\/wp-content\/uploads\/2022\/01\/Air-de-jeux-1-1536x864.jpg 1536w, https:\/\/mouhet.fr\/wp-content\/uploads\/2022\/01\/Air-de-jeux-1-2048x1152.jpg 2048w\" sizes=\"auto, (max-width: 1024px) 100vw, 1024px\" \/><\/figure>\n\n\n\n<figure class=\"wp-block-image size-large\"><img loading=\"lazy\" decoding=\"async\" width=\"1024\" height=\"576\" data-id=\"1081\" src=\"https:\/\/mouhet.fr\/wp-content\/uploads\/2022\/01\/Air-de-jeux-2-1024x576.jpg\" alt=\"\" class=\"wp-image-1081\" srcset=\"https:\/\/mouhet.fr\/wp-content\/uploads\/2022\/01\/Air-de-jeux-2-1024x576.jpg 1024w, https:\/\/mouhet.fr\/wp-content\/uploads\/2022\/01\/Air-de-jeux-2-300x169.jpg 300w, https:\/\/mouhet.fr\/wp-content\/uploads\/2022\/01\/Air-de-jeux-2-768x432.jpg 768w, https:\/\/mouhet.fr\/wp-content\/uploads\/2022\/01\/Air-de-jeux-2-1536x864.jpg 1536w, https:\/\/mouhet.fr\/wp-content\/uploads\/2022\/01\/Air-de-jeux-2-2048x1152.jpg 2048w\" sizes=\"auto, (max-width: 1024px) 100vw, 1024px\" \/><\/figure>\n\n\n\n<figure class=\"wp-block-image size-large\"><img loading=\"lazy\" decoding=\"async\" width=\"1024\" height=\"576\" data-id=\"1082\" src=\"https:\/\/mouhet.fr\/wp-content\/uploads\/2022\/01\/Air-de-jeux-3-1024x576.jpg\" alt=\"\" class=\"wp-image-1082\" srcset=\"https:\/\/mouhet.fr\/wp-content\/uploads\/2022\/01\/Air-de-jeux-3-1024x576.jpg 1024w, https:\/\/mouhet.fr\/wp-content\/uploads\/2022\/01\/Air-de-jeux-3-300x169.jpg 300w, https:\/\/mouhet.fr\/wp-content\/uploads\/2022\/01\/Air-de-jeux-3-768x432.jpg 768w, https:\/\/mouhet.fr\/wp-content\/uploads\/2022\/01\/Air-de-jeux-3-1536x864.jpg 1536w, https:\/\/mouhet.fr\/wp-content\/uploads\/2022\/01\/Air-de-jeux-3-2048x1152.jpg 2048w\" sizes=\"auto, (max-width: 1024px) 100vw, 1024px\" \/><\/figure>\n\n\n\n<figure class=\"wp-block-image size-large\"><img loading=\"lazy\" decoding=\"async\" width=\"1024\" height=\"576\" data-id=\"1083\" src=\"https:\/\/mouhet.fr\/wp-content\/uploads\/2022\/01\/Air-de-jeux-4-1024x576.jpg\" alt=\"\" class=\"wp-image-1083\" srcset=\"https:\/\/mouhet.fr\/wp-content\/uploads\/2022\/01\/Air-de-jeux-4-1024x576.jpg 1024w, https:\/\/mouhet.fr\/wp-content\/uploads\/2022\/01\/Air-de-jeux-4-300x169.jpg 300w, https:\/\/mouhet.fr\/wp-content\/uploads\/2022\/01\/Air-de-jeux-4-768x432.jpg 768w, https:\/\/mouhet.fr\/wp-content\/uploads\/2022\/01\/Air-de-jeux-4-1536x864.jpg 1536w, https:\/\/mouhet.fr\/wp-content\/uploads\/2022\/01\/Air-de-jeux-4-2048x1152.jpg 2048w\" sizes=\"auto, (max-width: 1024px) 100vw, 1024px\" \/><\/figure>\n\n\n\n<figure class=\"wp-block-image size-large\"><img loading=\"lazy\" decoding=\"async\" width=\"1024\" height=\"576\" data-id=\"1084\" src=\"https:\/\/mouhet.fr\/wp-content\/uploads\/2022\/01\/Air-de-jeux-5-1024x576.jpg\" alt=\"\" class=\"wp-image-1084\" srcset=\"https:\/\/mouhet.fr\/wp-content\/uploads\/2022\/01\/Air-de-jeux-5-1024x576.jpg 1024w, https:\/\/mouhet.fr\/wp-content\/uploads\/2022\/01\/Air-de-jeux-5-300x169.jpg 300w, https:\/\/mouhet.fr\/wp-content\/uploads\/2022\/01\/Air-de-jeux-5-768x432.jpg 768w, https:\/\/mouhet.fr\/wp-content\/uploads\/2022\/01\/Air-de-jeux-5-1536x864.jpg 1536w, https:\/\/mouhet.fr\/wp-content\/uploads\/2022\/01\/Air-de-jeux-5-2048x1152.jpg 2048w\" sizes=\"auto, (max-width: 1024px) 100vw, 1024px\" \/><\/figure>\n<figcaption class=\"blocks-gallery-caption wp-element-caption\">L&rsquo;aire de jeux des enfants<\/figcaption><\/figure>\n\n\n\n<p>Le parcours de sant\u00e9, pour les plus grands<\/p>\n\n\n\n<figure class=\"wp-block-gallery has-nested-images columns-default is-cropped wp-block-gallery-2 is-layout-flex wp-block-gallery-is-layout-flex\">\n<figure class=\"wp-block-image size-large\"><img loading=\"lazy\" decoding=\"async\" width=\"1024\" height=\"576\" data-id=\"1085\" src=\"https:\/\/mouhet.fr\/wp-content\/uploads\/2022\/01\/Parcours-de-sante-1-1024x576.jpg\" alt=\"\" class=\"wp-image-1085\" srcset=\"https:\/\/mouhet.fr\/wp-content\/uploads\/2022\/01\/Parcours-de-sante-1-1024x576.jpg 1024w, https:\/\/mouhet.fr\/wp-content\/uploads\/2022\/01\/Parcours-de-sante-1-300x169.jpg 300w, https:\/\/mouhet.fr\/wp-content\/uploads\/2022\/01\/Parcours-de-sante-1-768x432.jpg 768w, https:\/\/mouhet.fr\/wp-content\/uploads\/2022\/01\/Parcours-de-sante-1-1536x864.jpg 1536w, https:\/\/mouhet.fr\/wp-content\/uploads\/2022\/01\/Parcours-de-sante-1-2048x1152.jpg 2048w\" sizes=\"auto, (max-width: 1024px) 100vw, 1024px\" \/><\/figure>\n\n\n\n<figure class=\"wp-block-image size-large\"><img loading=\"lazy\" decoding=\"async\" width=\"1024\" height=\"576\" data-id=\"1086\" src=\"https:\/\/mouhet.fr\/wp-content\/uploads\/2022\/01\/Parcours-de-sante-2-1024x576.jpg\" alt=\"\" class=\"wp-image-1086\" srcset=\"https:\/\/mouhet.fr\/wp-content\/uploads\/2022\/01\/Parcours-de-sante-2-1024x576.jpg 1024w, https:\/\/mouhet.fr\/wp-content\/uploads\/2022\/01\/Parcours-de-sante-2-300x169.jpg 300w, https:\/\/mouhet.fr\/wp-content\/uploads\/2022\/01\/Parcours-de-sante-2-768x432.jpg 768w, https:\/\/mouhet.fr\/wp-content\/uploads\/2022\/01\/Parcours-de-sante-2-1536x864.jpg 1536w, https:\/\/mouhet.fr\/wp-content\/uploads\/2022\/01\/Parcours-de-sante-2-2048x1152.jpg 2048w\" sizes=\"auto, (max-width: 1024px) 100vw, 1024px\" \/><\/figure>\n\n\n\n<figure class=\"wp-block-image size-large\"><img loading=\"lazy\" decoding=\"async\" width=\"1024\" height=\"576\" data-id=\"1087\" src=\"https:\/\/mouhet.fr\/wp-content\/uploads\/2022\/01\/Parcours-de-sante-3-1024x576.jpg\" alt=\"\" class=\"wp-image-1087\" srcset=\"https:\/\/mouhet.fr\/wp-content\/uploads\/2022\/01\/Parcours-de-sante-3-1024x576.jpg 1024w, https:\/\/mouhet.fr\/wp-content\/uploads\/2022\/01\/Parcours-de-sante-3-300x169.jpg 300w, https:\/\/mouhet.fr\/wp-content\/uploads\/2022\/01\/Parcours-de-sante-3-768x432.jpg 768w, https:\/\/mouhet.fr\/wp-content\/uploads\/2022\/01\/Parcours-de-sante-3-1536x864.jpg 1536w, https:\/\/mouhet.fr\/wp-content\/uploads\/2022\/01\/Parcours-de-sante-3-2048x1152.jpg 2048w\" sizes=\"auto, (max-width: 1024px) 100vw, 1024px\" \/><\/figure>\n\n\n\n<figure class=\"wp-block-image size-large\"><img loading=\"lazy\" decoding=\"async\" width=\"576\" height=\"1024\" data-id=\"1088\" src=\"https:\/\/mouhet.fr\/wp-content\/uploads\/2022\/01\/Parcours-de-sante-4-576x1024.jpg\" alt=\"\" class=\"wp-image-1088\" srcset=\"https:\/\/mouhet.fr\/wp-content\/uploads\/2022\/01\/Parcours-de-sante-4-576x1024.jpg 576w, https:\/\/mouhet.fr\/wp-content\/uploads\/2022\/01\/Parcours-de-sante-4-169x300.jpg 169w, https:\/\/mouhet.fr\/wp-content\/uploads\/2022\/01\/Parcours-de-sante-4-768x1365.jpg 768w, https:\/\/mouhet.fr\/wp-content\/uploads\/2022\/01\/Parcours-de-sante-4-864x1536.jpg 864w, https:\/\/mouhet.fr\/wp-content\/uploads\/2022\/01\/Parcours-de-sante-4-1152x2048.jpg 1152w, https:\/\/mouhet.fr\/wp-content\/uploads\/2022\/01\/Parcours-de-sante-4-scaled.jpg 1440w\" sizes=\"auto, (max-width: 576px) 100vw, 576px\" \/><\/figure>\n\n\n\n<figure class=\"wp-block-image size-large\"><img loading=\"lazy\" decoding=\"async\" width=\"576\" height=\"1024\" data-id=\"1089\" src=\"https:\/\/mouhet.fr\/wp-content\/uploads\/2022\/01\/Parcours-de-sante-5-576x1024.jpg\" alt=\"\" class=\"wp-image-1089\" srcset=\"https:\/\/mouhet.fr\/wp-content\/uploads\/2022\/01\/Parcours-de-sante-5-576x1024.jpg 576w, https:\/\/mouhet.fr\/wp-content\/uploads\/2022\/01\/Parcours-de-sante-5-169x300.jpg 169w, https:\/\/mouhet.fr\/wp-content\/uploads\/2022\/01\/Parcours-de-sante-5-768x1365.jpg 768w, https:\/\/mouhet.fr\/wp-content\/uploads\/2022\/01\/Parcours-de-sante-5-864x1536.jpg 864w, https:\/\/mouhet.fr\/wp-content\/uploads\/2022\/01\/Parcours-de-sante-5-1152x2048.jpg 1152w, https:\/\/mouhet.fr\/wp-content\/uploads\/2022\/01\/Parcours-de-sante-5-scaled.jpg 1440w\" sizes=\"auto, (max-width: 576px) 100vw, 576px\" \/><\/figure>\n<figcaption class=\"blocks-gallery-caption wp-element-caption\">Le parcours de sant\u00e9<\/figcaption><\/figure>\n\n\n\n<p>Le stade<\/p>\n\n\n\n<figure class=\"wp-block-gallery has-nested-images columns-default is-cropped wp-block-gallery-3 is-layout-flex wp-block-gallery-is-layout-flex\">\n<figure class=\"wp-block-image size-large\"><img loading=\"lazy\" decoding=\"async\" width=\"1024\" height=\"576\" data-id=\"1091\" src=\"https:\/\/mouhet.fr\/wp-content\/uploads\/2022\/01\/Stade-1-1024x576.jpg\" alt=\"\" class=\"wp-image-1091\" srcset=\"https:\/\/mouhet.fr\/wp-content\/uploads\/2022\/01\/Stade-1-1024x576.jpg 1024w, https:\/\/mouhet.fr\/wp-content\/uploads\/2022\/01\/Stade-1-300x169.jpg 300w, https:\/\/mouhet.fr\/wp-content\/uploads\/2022\/01\/Stade-1-768x432.jpg 768w, https:\/\/mouhet.fr\/wp-content\/uploads\/2022\/01\/Stade-1-1536x864.jpg 1536w, https:\/\/mouhet.fr\/wp-content\/uploads\/2022\/01\/Stade-1-2048x1152.jpg 2048w\" sizes=\"auto, (max-width: 1024px) 100vw, 1024px\" \/><\/figure>\n\n\n\n<figure class=\"wp-block-image size-large\"><img loading=\"lazy\" decoding=\"async\" width=\"1024\" height=\"576\" data-id=\"1092\" src=\"https:\/\/mouhet.fr\/wp-content\/uploads\/2022\/01\/Stade-2-1024x576.jpg\" alt=\"\" class=\"wp-image-1092\" srcset=\"https:\/\/mouhet.fr\/wp-content\/uploads\/2022\/01\/Stade-2-1024x576.jpg 1024w, https:\/\/mouhet.fr\/wp-content\/uploads\/2022\/01\/Stade-2-300x169.jpg 300w, https:\/\/mouhet.fr\/wp-content\/uploads\/2022\/01\/Stade-2-768x432.jpg 768w, https:\/\/mouhet.fr\/wp-content\/uploads\/2022\/01\/Stade-2-1536x864.jpg 1536w, https:\/\/mouhet.fr\/wp-content\/uploads\/2022\/01\/Stade-2-2048x1152.jpg 2048w\" sizes=\"auto, (max-width: 1024px) 100vw, 1024px\" \/><\/figure>\n\n\n\n<figure class=\"wp-block-image size-large\"><img loading=\"lazy\" decoding=\"async\" width=\"1024\" height=\"576\" data-id=\"1093\" src=\"https:\/\/mouhet.fr\/wp-content\/uploads\/2022\/01\/Stade-3-1024x576.jpg\" alt=\"\" class=\"wp-image-1093\" srcset=\"https:\/\/mouhet.fr\/wp-content\/uploads\/2022\/01\/Stade-3-1024x576.jpg 1024w, https:\/\/mouhet.fr\/wp-content\/uploads\/2022\/01\/Stade-3-300x169.jpg 300w, https:\/\/mouhet.fr\/wp-content\/uploads\/2022\/01\/Stade-3-768x432.jpg 768w, https:\/\/mouhet.fr\/wp-content\/uploads\/2022\/01\/Stade-3-1536x864.jpg 1536w, https:\/\/mouhet.fr\/wp-content\/uploads\/2022\/01\/Stade-3-2048x1152.jpg 2048w\" sizes=\"auto, (max-width: 1024px) 100vw, 1024px\" \/><\/figure>\n<figcaption class=\"blocks-gallery-caption wp-element-caption\">Le stade<\/figcaption><\/figure>\n\n\n\n<p><\/p>\n","protected":false},"excerpt":{"rendered":"<p>L&rsquo;aire de jeux s\u00e9curis\u00e9e des enfants, le terrain de p\u00e9tanque, aire de picnic Le parcours de sant\u00e9, pour les plus grands Le stade<\/p>\n","protected":false},"author":4,"featured_media":0,"parent":0,"menu_order":0,"comment_status":"closed","ping_status":"closed","template":"","meta":{"footnotes":""},"class_list":["post-1079","page","type-page","status-publish","hentry"],"_links":{"self":[{"href":"https:\/\/mouhet.fr\/index.php?rest_route=\/wp\/v2\/pages\/1079","targetHints":{"allow":["GET"]}}],"collection":[{"href":"https:\/\/mouhet.fr\/index.php?rest_route=\/wp\/v2\/pages"}],"about":[{"href":"https:\/\/mouhet.fr\/index.php?rest_route=\/wp\/v2\/types\/page"}],"author":[{"embeddable":true,"href":"https:\/\/mouhet.fr\/index.php?rest_route=\/wp\/v2\/users\/4"}],"replies":[{"embeddable":true,"href":"https:\/\/mouhet.fr\/index.php?rest_route=%2Fwp%2Fv2%2Fcomments&post=1079"}],"version-history":[{"count":4,"href":"https:\/\/mouhet.fr\/index.php?rest_route=\/wp\/v2\/pages\/1079\/revisions"}],"predecessor-version":[{"id":1812,"href":"https:\/\/mouhet.fr\/index.php?rest_route=\/wp\/v2\/pages\/1079\/revisions\/1812"}],"wp:attachment":[{"href":"https:\/\/mouhet.fr\/index.php?rest_route=%2Fwp%2Fv2%2Fmedia&parent=1079"}],"curies":[{"name":"wp","href":"https:\/\/api.w.org\/{rel}","templated":true}]}}