{"id":1096,"date":"2022-01-22T20:22:24","date_gmt":"2022-01-22T19:22:24","guid":{"rendered":"http:\/\/www.mouhet.fr\/?page_id=1096"},"modified":"2025-09-17T18:37:59","modified_gmt":"2025-09-17T16:37:59","slug":"aappma-le-devon-societe-de-peche","status":"publish","type":"page","link":"https:\/\/mouhet.fr\/?page_id=1096","title":{"rendered":"AAPPMA \u00ab\u00a0Le Devon\u00a0\u00bb &#8211; Soci\u00e9t\u00e9 de p\u00eache"},"content":{"rendered":"\n<div class=\"wp-block-columns is-layout-flex wp-container-core-columns-is-layout-9d6595d7 wp-block-columns-is-layout-flex\">\n<div class=\"wp-block-column is-layout-flow wp-block-column-is-layout-flow\" style=\"flex-basis:33.33%\">\n<p>Le Haut Bassin de l\u2019Anglin<\/p>\n\n\n\n<p><strong>Caract\u00e9ristiques :<\/strong><br>Premi\u00e8re cat\u00e9gorie<br>Domaine priv\u00e9<\/p>\n\n\n\n<p>Coordonn\u00e9es:<br>Pr\u00e9sident : Ga\u00ebtan GIBILARO<br>Bloux<\/p>\n\n\n\n<p>36170 La Ch\u00e2tre l\u2019Anglin<br>Lieu de p\u00eache : La Ch\u00e2tre l\u2019Anglin<br>t\u00e9l : 02.54.47.50.98<\/p>\n<\/div>\n\n\n\n<div class=\"wp-block-column is-layout-flow wp-block-column-is-layout-flow\" style=\"flex-basis:66.66%\"><div class=\"wp-block-image\">\n<figure class=\"aligncenter size-large is-resized\"><img loading=\"lazy\" decoding=\"async\" width=\"1024\" height=\"768\" src=\"https:\/\/mouhet.fr\/wp-content\/uploads\/2022\/01\/P62001242-1024x768.jpg\" alt=\"\" class=\"wp-image-1097\" style=\"width:450px;height:337px\" srcset=\"https:\/\/mouhet.fr\/wp-content\/uploads\/2022\/01\/P62001242-1024x768.jpg 1024w, https:\/\/mouhet.fr\/wp-content\/uploads\/2022\/01\/P62001242-300x225.jpg 300w, https:\/\/mouhet.fr\/wp-content\/uploads\/2022\/01\/P62001242-768x576.jpg 768w, https:\/\/mouhet.fr\/wp-content\/uploads\/2022\/01\/P62001242-1536x1152.jpg 1536w, https:\/\/mouhet.fr\/wp-content\/uploads\/2022\/01\/P62001242-2048x1536.jpg 2048w\" sizes=\"auto, (max-width: 1024px) 100vw, 1024px\" \/><figcaption class=\"wp-element-caption\">Concours des jeunes, aux Morins<\/figcaption><\/figure>\n<\/div><\/div>\n<\/div>\n\n\n\n<p>Carte de situation g\u00e9ographique de\u00a0l\u2019association de p\u00eache<br>Association de p\u00eache \u00ab Le Devon \u00bb<\/p>\n\n\n\n<p>Chaque ann\u00e9e, l\u2019association \u00ab Le Devon \u00bb proc\u00e8de au repeuplement en truites fario, en compl\u00e9ment des souches locales.<\/p>\n\n\n\n<h3 class=\"wp-block-heading\">Manifestations<\/h3>\n\n\n\n<p>Un concours de p\u00eache est organis\u00e9 chaque ann\u00e9e, \u00e0 destination des plus jeunes.<\/p>\n\n\n\n<h3 class=\"wp-block-heading\">Techniques de p\u00eache \u00e0 privil\u00e9gier<\/h3>\n\n\n\n<p>Pour la truite : au toc, \u00e0 la cuiller ou \u00e0 la mouche.<br>Pour les petits poissons : \u00e0 la \u00ab trousse-culotte \u00bb.<\/p>\n\n\n\n<h3 class=\"wp-block-heading\">L\u2019Anglin en bocage<\/h3>\n\n\n\n<p>Dans les vallons de bocage, o\u00f9 les vaches viennent s\u2019abreuver et \u00ab causer \u00bb avec dame fario, l\u2019Anglin sauvage, avec ses truites et ses \u00e9crevisses am\u00e9ricaines, reste un lieu appr\u00e9ci\u00e9 des p\u00eacheurs d\u00e8s l\u2019ouverture.<\/p>\n\n\n\n<p>Source de vie, l\u2019Anglin, m\u00eame lors des p\u00e9riodes d\u2019\u00e9tiage s\u00e9v\u00e8re, ne tarit jamais.<br>En \u00e9t\u00e9, on y p\u00eache volontiers l\u2019\u00e9crevisse \u00e0 la balance.<\/p>\n\n\n\n<p><\/p>\n","protected":false},"excerpt":{"rendered":"<p>Le Haut Bassin de l\u2019Anglin Caract\u00e9ristiques :Premi\u00e8re cat\u00e9gorieDomaine priv\u00e9 Coordonn\u00e9es:Pr\u00e9sident : Ga\u00ebtan GIBILAROBloux 36170 La Ch\u00e2tre l\u2019AnglinLieu de p\u00eache : La Ch\u00e2tre l\u2019Anglint\u00e9l : 02.54.47.50.98 Carte de situation g\u00e9ographique de\u00a0l\u2019association de p\u00eacheAssociation de p\u00eache \u00ab Le Devon \u00bb Chaque ann\u00e9e, l\u2019association \u00ab Le Devon \u00bb proc\u00e8de au repeuplement en truites fario, en compl\u00e9ment des souches [&hellip;]<\/p>\n","protected":false},"author":4,"featured_media":0,"parent":0,"menu_order":0,"comment_status":"closed","ping_status":"closed","template":"","meta":{"footnotes":""},"class_list":["post-1096","page","type-page","status-publish","hentry"],"_links":{"self":[{"href":"https:\/\/mouhet.fr\/index.php?rest_route=\/wp\/v2\/pages\/1096","targetHints":{"allow":["GET"]}}],"collection":[{"href":"https:\/\/mouhet.fr\/index.php?rest_route=\/wp\/v2\/pages"}],"about":[{"href":"https:\/\/mouhet.fr\/index.php?rest_route=\/wp\/v2\/types\/page"}],"author":[{"embeddable":true,"href":"https:\/\/mouhet.fr\/index.php?rest_route=\/wp\/v2\/users\/4"}],"replies":[{"embeddable":true,"href":"https:\/\/mouhet.fr\/index.php?rest_route=%2Fwp%2Fv2%2Fcomments&post=1096"}],"version-history":[{"count":4,"href":"https:\/\/mouhet.fr\/index.php?rest_route=\/wp\/v2\/pages\/1096\/revisions"}],"predecessor-version":[{"id":2650,"href":"https:\/\/mouhet.fr\/index.php?rest_route=\/wp\/v2\/pages\/1096\/revisions\/2650"}],"wp:attachment":[{"href":"https:\/\/mouhet.fr\/index.php?rest_route=%2Fwp%2Fv2%2Fmedia&parent=1096"}],"curies":[{"name":"wp","href":"https:\/\/api.w.org\/{rel}","templated":true}]}}