{"id":2119,"date":"2023-01-05T22:23:26","date_gmt":"2023-01-05T21:23:26","guid":{"rendered":"https:\/\/mouhet.fr\/?page_id=2119"},"modified":"2024-12-22T23:03:02","modified_gmt":"2024-12-22T22:03:02","slug":"communaute-de-commune-mova","status":"publish","type":"page","link":"https:\/\/mouhet.fr\/?page_id=2119","title":{"rendered":"Communaut\u00e9 de commune MOVA"},"content":{"rendered":"\n<p>La commune de Mouhet fait partie int\u00e9grante \u00e0 la communaut\u00e9 de commune MOVA (Marche Occitane Val d&rsquo;Anglin)<\/p>\n\n\n\n<p>Vous trouverez plus d&rsquo;information sur le site : <a href=\"https:\/\/cdc-mova.fr\/\">https:\/\/cdc-mova.fr\/<\/a><\/p>\n\n\n\n<p><\/p>\n\n\n\n<figure class=\"wp-block-image size-full\"><img loading=\"lazy\" decoding=\"async\" width=\"201\" height=\"152\" src=\"https:\/\/mouhet.fr\/wp-content\/uploads\/2023\/01\/image-1.png\" alt=\"\" class=\"wp-image-2120\"\/><\/figure>\n","protected":false},"excerpt":{"rendered":"<p>La commune de Mouhet fait partie int\u00e9grante \u00e0 la communaut\u00e9 de commune MOVA (Marche Occitane Val d&rsquo;Anglin) Vous trouverez plus d&rsquo;information sur le site : https:\/\/cdc-mova.fr\/<\/p>\n","protected":false},"author":4,"featured_media":0,"parent":0,"menu_order":0,"comment_status":"closed","ping_status":"closed","template":"","meta":{"footnotes":""},"class_list":["post-2119","page","type-page","status-publish","hentry"],"_links":{"self":[{"href":"https:\/\/mouhet.fr\/index.php?rest_route=\/wp\/v2\/pages\/2119","targetHints":{"allow":["GET"]}}],"collection":[{"href":"https:\/\/mouhet.fr\/index.php?rest_route=\/wp\/v2\/pages"}],"about":[{"href":"https:\/\/mouhet.fr\/index.php?rest_route=\/wp\/v2\/types\/page"}],"author":[{"embeddable":true,"href":"https:\/\/mouhet.fr\/index.php?rest_route=\/wp\/v2\/users\/4"}],"replies":[{"embeddable":true,"href":"https:\/\/mouhet.fr\/index.php?rest_route=%2Fwp%2Fv2%2Fcomments&post=2119"}],"version-history":[{"count":2,"href":"https:\/\/mouhet.fr\/index.php?rest_route=\/wp\/v2\/pages\/2119\/revisions"}],"predecessor-version":[{"id":2243,"href":"https:\/\/mouhet.fr\/index.php?rest_route=\/wp\/v2\/pages\/2119\/revisions\/2243"}],"wp:attachment":[{"href":"https:\/\/mouhet.fr\/index.php?rest_route=%2Fwp%2Fv2%2Fmedia&parent=2119"}],"curies":[{"name":"wp","href":"https:\/\/api.w.org\/{rel}","templated":true}]}}